{"id":441,"date":"2019-07-31T14:25:54","date_gmt":"2019-07-31T12:25:54","guid":{"rendered":"http:\/\/planetm.si\/?page_id=441"},"modified":"2019-07-31T16:24:18","modified_gmt":"2019-07-31T14:24:18","slug":"servis","status":"publish","type":"page","link":"https:\/\/planetm.si\/?page_id=441","title":{"rendered":"Servis"},"content":{"rendered":"<h3>Nudimo tehni\u010dno pomo\u010d v naslednjih kategorijah naprav:<\/h3>\n<ul>\n<li><a href=\"http:\/\/planetm.si\/?page_id=8\">Endoskopija<\/a><\/li>\n<li><a href=\"http:\/\/planetm.si\/?page_id=153\">Ultrazvocne sonde<\/a><\/li>\n<li><a href=\"http:\/\/planetm.si\/?page_id=476\">Ultrazvo\u010dne sonde za fetalni monitor<\/a><\/li>\n<li><a href=\"http:\/\/planetm.si\/?page_id=447\">Defibrilatorji in monitorji<\/a><\/li>\n<\/ul>\n","protected":false},"excerpt":{"rendered":"<p>Nudimo tehni\u010dno pomo\u010d v naslednjih kategorijah naprav: Endoskopija Ultrazvocne sonde Ultrazvo\u010dne sonde za fetalni monitor Defibrilatorji in monitorji<\/p>\n","protected":false},"author":1,"featured_media":0,"parent":0,"menu_order":0,"comment_status":"closed","ping_status":"closed","template":"","meta":{"footnotes":""},"class_list":["post-441","page","type-page","status-publish","hentry"],"_links":{"self":[{"href":"https:\/\/planetm.si\/index.php?rest_route=\/wp\/v2\/pages\/441","targetHints":{"allow":["GET"]}}],"collection":[{"href":"https:\/\/planetm.si\/index.php?rest_route=\/wp\/v2\/pages"}],"about":[{"href":"https:\/\/planetm.si\/index.php?rest_route=\/wp\/v2\/types\/page"}],"author":[{"embeddable":true,"href":"https:\/\/planetm.si\/index.php?rest_route=\/wp\/v2\/users\/1"}],"replies":[{"embeddable":true,"href":"https:\/\/planetm.si\/index.php?rest_route=%2Fwp%2Fv2%2Fcomments&post=441"}],"version-history":[{"count":5,"href":"https:\/\/planetm.si\/index.php?rest_route=\/wp\/v2\/pages\/441\/revisions"}],"predecessor-version":[{"id":481,"href":"https:\/\/planetm.si\/index.php?rest_route=\/wp\/v2\/pages\/441\/revisions\/481"}],"wp:attachment":[{"href":"https:\/\/planetm.si\/index.php?rest_route=%2Fwp%2Fv2%2Fmedia&parent=441"}],"curies":[{"name":"wp","href":"https:\/\/api.w.org\/{rel}","templated":true}]}}